hird derivative of -5/3*d**3 - 10*d**2 + 1/3*d**4 + 0*d + 0 - 1/60*d**5. What is c(q)?
-3
Let z(b) = 8*b**2 - 31*b + 26. Let h = 17148 - 17145. What is z(h)?
5
Let k = 148 - 151. Let q(f) = 2*f**2 - 24*f - 9. Let g(y) = -y**2 + 11*y + 4. Let j(u) = -9*g(u) - 4*q(u). Calculate j(k).
18
Suppose 3*s + 2 = -4. Suppose 4*r - 7*r + 6 = 0. Let n(p) = 3 - 1 - 67*p**3 - 2*p**r + 68*p**3. Calculate n(s).
-14
Suppose 1600 = -882*g + 722*g. Let w(y) = y**2 + 13*y + 27. Give w(g).
-3
Let w be ((-11)/(-44))/(2/120). Let p(m) = -m + 14. Give p(w).
-1
Let g = -1562 - -1561. Let p(n) = 8*n**3 - 18*n - 18. Give p(g).
-8
Let x(o) = 8*o**2 - 48*o + 9. Let u be x(6). Let d(z) = z**3 - 11*z**2 + 16*z + 6. What is d(u)?
-12
Suppose -37*c - 60 = -25*c. Let b(v) = v**2 + 3 + 13*v - 1 - 6*v. Calculate b(c).
-8
Suppose 8*v = 12*v + 4, -5*x + 3*v = -228. Suppose -41*s = -x*s + 8. Let k(b) = -2*b**3 + 4*b**2 - 2*b - 1. What is k(s)?
-5
Let h(m) = -m - 3. Suppose 1533 = 62*d - 59*d. Let g = d + -514. Calculate h(g).
0
Let l = 25 - 26. Let s(c) = -12*c + 5*c**2 + 6 - 14*c + c**2 + 27*c. Let j(g) = -6*g**2 - g - 5. Let q(m) = 5*j(m) + 4*s(m). Calculate q(l).
-6
Let m(h) be the second derivative of h**3/2 + h**2/2 + 17929*h. Suppose -s - 3 = -4*i, 3*s + 0 = 4*i - 1. Give m(i).
4
Let p be (80/72)/((60/(-27))/(-10)). Let j(l) = -25*l + 16. Give j(p).
-109
Let x(w) be the first derivative of w**4/24 + 2*w**3/3 + 3*w**2/2 + 8. Let o(n) be the second derivative of x(n). Calculate o(9).
13
Let i(m) be the second derivative of m**4/12 + 5*m**3/3 + 11*m**2 - 49*m + 12. Determine i(-9).
13
Let w(n) = n**3 - 14*n**2 + 24*n + 14. Let v = 21076 + -21064. What is w(v)?
14
Let t = 27 + -3. Let g = 24 - t. Let a(w) = 4*w + 5. Let h(c) = -3*c - 3. Let v(f) = 5*a(f) + 7*h(f). Give v(g).
4
Suppose 15*r - 4*j - 24 = 11*r, 3 = -3*j. Let t(x) be the first derivative of x - 3/2*x**2 - r. Determine t(-2).
7
Let h(m) be the second derivative of m**4/6 - 31*m**3/6 + 9*m**2 - 4903*m. Calculate h(14).
-24
Suppose 8*s = 3*w + 4*s - 179, 0 = 2*w - 2*s - 118. Let r(u) = 3*u**2 - 2*u + 54 + w + 55 - 165. What is r(1)?
2
Let j(i) be the first derivative of -31*i**3/3 + i**2 + i - 1381. Calculate j(-1).
-32
Let f = 99 - 97. Let b be (f/(-5))/(4 + (-84)/20). Let c(s) be the first derivative of s**2 - s + 1. Calculate c(b).
3
Let c(g) = 3*g**3 + g**2 - 2*g + 1. Suppose -6*d = -4*d - 8, -4*u = 3*d - 32. Suppose -3*s + 1 = -2*z, -z - u + 6 = 0. Calculate c(s).
3
Let l(g) = 2*g - 1. Let x(q) be the first derivative of q**4/4 + 10*q**3/3 - q - 2. Suppose -14*d = 3556 - 3416. Let t be x(d). Calculate l(t).
-3
Suppose 6*r - 13 = 15*w - 10*w, -3 = -3*r + 3*w. Let j(o) = -o**2 + 10*o - 13. Determine j(r).
3
Suppose 282 = 18*y - 888. Suppose 5 = -12*k + y. Let q(r) = r**3 - 5*r**2 + 4*r - 2. Give q(k).
18
Let g = 39 - 34. Let v(s) = 108 - 114 - 89*s + 93*s. What is v(g)?
14
Suppose 18 + 62 = 8*o. Let m(a) = 19 - 7*a**2 + 18 - o*a - 44 - a**3. Give m(-6).
17
Let p(d) = 2*d**2 + 44*d + 1. Let i(k) = 18*k - 112. Let f be i(5). Give p(f).
1
Let s be 1 + 3*6/(-9). Let a(f) = -22*f + 152. Let p be a(7). Let y = p - s. Let j(c) = 10*c**2 - c. Determine j(y).
11
Let a(j) = 8*j. Let k be -2 + 60/28 - (-40)/14. Let v be k - 5 - (2 - 3 - 2). Give a(v).
8
Let q = -145 + 185. Let c(g) = g**2 + q*g - 45*g - 7 + 0. What is c(7)?
7
Let k(b) = -11 + 121*b - 119*b + 6 + 15. Let y be k(-2). Let r(l) = -4*l - 7. Give r(y).
-31
Let x be -1*(-11 - -9)*(-5)/(-2). Let o(z) = z**3 + 3*z**2 + 8*z + 3. Let t(b) = -2*b**3 - 7*b**2 - 15*b - 7. Let q(g) = x*o(g) + 3*t(g). Calculate q(-5).
-6
Let p(t) = -9*t**2 - 49*t - 61. Let z(v) = -5*v**2 - 26*v - 33. Let n(d) = 6*p(d) - 11*z(d). Calculate n(8).
-3
Let y(a) = 3*a**2 + 11*a - 1. Let b(q) be the third derivative of q**5/60 + 7*q**4/24 + q**3/6 - 180*q**2. Let r(w) = -2*b(w) + y(w). Give r(5).
7
Let m be (-21)/(-126) - (0 - (-23)/(-6)). Let p(n) = n**3 - 4*n**2 - 4*n + 2. What is p(m)?
-14
Let n(f) be the first derivative of 2*f - 145 + 16 - 3*f**2 + 4*f**2 + f. What is n(-6)?
-9
Let w be 6*(-2)/(-12 + 6). Let s be (32/(-20) - -3)/(w/10). Let u(h) be the third derivative of h**5/60 - h**4/3 - h**3/3 + 4*h**2. Give u(s).
-9
Let c(g) = -5*g**2 + 18*g + 82. Let n(i) = -11*i**2 + 42*i + 166. Let a(s) = -9*c(s) + 4*n(s). Determine a(6).
-2
Let b(r) = r**3 + 6*r**2 - 9*r - 1. Let d(l) = -8*l + 9. Let p(i) = i**2 + 14*i + 15. Let k be p(-13). Let c be d(k). Determine b(c).
13
Let i(h) be the third derivative of 5/6*h**3 + 0*h + 40*h**2 - 1/24*h**4 + 0. Suppose -4*w - w = 3*u - 6, u + 3 = 0. Calculate i(w).
2
Let u(s) = -5*s + 272. Let w be u(56). Let q(p) = -p**2 - 11*p - 10. Calculate q(w).
14
Let c(q) be the second derivative of -q**5/20 - q**4/2 - q**3 - 4*q**2 - 27*q - 3. Suppose 0 = 3*v - 0*v + 18. Give c(v).
28
Suppose 88 = 11*f - 88. Let x be (-13)/(-4) + 12/f. Suppose j = -4*j + p + 30, -x*p = -j - 13. Let m(u) = -u**3 + 8*u**2 - 5*u + 3. What is m(j)?
17
Suppose 4*c - 28 = -7*b + 9*b, 0 = 5*c - 3*b - 32. Let d(p) = -p**3 + 11*p**2 - 13*p + 25. Calculate d(c).
-5
Suppose 0 = 3*x - 258 + 252. Let v(t) = t**2 - 6*t + 368 - 367 - x*t. Give v(6).
-11
Suppose p - 23 = -3*p - 3*z, 2*z - 16 = -3*p. Let b(k) = 2*k + 9. Let i(r) = -6*r - 37. Let c(a) = p*i(a) + 9*b(a). Give c(-7).
-35
Suppose -5*b + 302 = -3*m, -3*b = b + m - 228. Let y = b - 58. Let s(f) = 6 + 1 + y - 8 - f. Calculate s(0).
-1
Let d(g) be the first derivative of -g**2/2 - 9*g - 5114. Give d(-25).
16
Suppose -3*n + 624 = 3*o, 5*n - 5*o - 407 - 633 = 0. Let q(m) = 2*m**2 - n*m**3 + 4 - m + 206*m**3 - 4. Calculate q(2).
-10
Let l(i) = i**3 + 5*i**2 + 83*i + 410. Let s be l(-5). Let y(n) = 4*n + 5. What is y(s)?
-15
Suppose 24*a + 221 = -14*a - 197. Let p(u) = u**3 + 10*u**2 - 4*u + 66. Determine p(a).
-11
Let y(u) = u**3 + u**2 + u + 1. Let g be y(-1). Let c(j) be the second derivative of 0*j**3 + 0 + 6*j**2 - 54*j + 1/12*j**4. Calculate c(g).
12
Let i(f) = 6*f - 106. Let w be i(-15). Let r = w - -197. Let l(a) = -5*a**3 + 1. Give l(r).
-4
Let i = 2743/4 - 10286/15. Let v(p) be the third derivative of -7/6*p**3 + 32*p**2 - i*p**5 + 0 + 0*p + 0*p**4. Determine v(0).
-7
Let g = 346 - 336. Let d(h) = -4*h + 39. What is d(g)?
-1
Let l(d) = -4*d + 21. Let u(b) = -17*b + 88. Let h(t) = 9*l(t) - 2*u(t). Calculate h(9).
-5
Let s(t) be the second derivative of 15*t**3/2 - 137*t**2 - 9121*t. Determine s(6).
-4
Let t(h) = 33*h + 736. Let w be t(-22). Let i(c) = 7*c + 13. Calculate i(w).
83
Let t(h) = 88*h**3 + 42*h**2 + 13*h - 7. Let d(u) = -87*u**3 - 36*u**2 - 11*u + 6. Let z(j) = 7*d(j) + 6*t(j). Give z(-1).
80
Suppose 3768 = -2*j + 14*j. Let i = j - 322. Let d(k) = 1 + 9 + 12*k + 0*k + k**2. What is d(i)?
-22
Suppose -5*b = t + 36, t + 4*t + 4*b = -54. Let a(q) = -q**2 + 36. Calculate a(t).
0
Suppose 4*p = 113*c - 115*c - 134, 5*p = -c - 160. Let a(m) = -m - 23. Calculate a(p).
8
Let l(x) = 16*x + 49. Let a(i) = 23 - 16 + 3 + 3*i. Let u(f) = 11*a(f) - 2*l(f). Suppose 0 - 14 = 2*r. Calculate u(r).
5
Let m(o) = -27*o**3 + 3*o**2 + o - 1. Let t be m(-1). Let q be 26/91 - (-104)/t. Let u(a) = -a**3 + 3*a**2 + 5*a - 3. Give u(q).
1
Let f(o) = 4*o**2 - 3*o + 13. Let q(w) = 22*w**2 - 16*w + 72. Let s(c) = -28*f(c) + 5*q(c). Give s(6).
-52
Let t(w) be the first derivative of -w**2 - 18*w + 6064. Calculate t(-18).
18
Let o = 72 - 140. Let a = -17 - o. Let r = a + -46. Let w(g) = -g**3 + 5*g**2 + g. Determine w(r).
5
Let r(g) = 2*g**3 + 30*g**2 - 33*g - 5. Let f be 1/6*256/((-176)/22)*3. Calculate r(f).
11
Let y = 414 - 388. Suppose 20*t - 23*t + 35 = -2*s, -2*t = -4*s - y. Let u(r) be the third derivative of r**4/24 - 4*r**3/3 + r**2. Determine u(t).
3
Suppose 26*l - 1254 - 332 = 0. Suppose -16*y + 13 = l. Let z(k) = k**3 + k + 1. What is z(y)?
-29
Let d be 46/2 - (3 + 18). Let t(g) be the first derivative of g**3/3 - g**2/2 - 2*g + 2. Let z(q) be the first derivative of t(q). Calculate z(d).
3
Let n(g) = -g + 12. Let t = -11 - -13. Let l(c) = 0*c + 17 - 29 - t*c. Let a be l(-6). What is n(a)?
12
Let z be ((-4)/6)/(2/(-6)). Let j be (-34)/(-6) + 4/(-6). Let d(t) = 3*t - j*t**2 + 0 - 3 + 0*t + t**3. Calculate d(z).
-9
Let q(n) = 4*n + 20. Let c(b) = 6*b + 34. Let y(z) = 4*c(z) - 7*q(z). Give y(-4).
12
Let j(a) = -4 - 834*a + 8 + 848*a - 12*a**2 - a**3 + 